a multiple of 1318?
False
Is 1889 a factor of 142951964?
True
Does 158 divide 1874447104?
False
Does 16 divide 62554850?
False
Is 68008768 a multiple of 14?
False
Is 75 a factor of 25530075?
True
Does 9 divide 190533879?
True
Is 62 a factor of 1969492?
True
Does 10209 divide 2294646303?
True
Does 9 divide 417099816?
True
Is 581 a factor of 686906783?
False
Is 41160791 a multiple of 254?
False
Is 161 a factor of 21337491?
True
Does 12 divide 159721764?
True
Is 19 a factor of 686964?
True
Does 288 divide 140490432?
True
Is 76 a factor of 117749460?
True
Is 524115827 a multiple of 527?
False
Is 15504678 a multiple of 63?
True
Is 117 a factor of 116350080?
False
Is 38 a factor of 322863770?
True
Is 11 a factor of 698530228?
True
Is 30979542 a multiple of 398?
False
Is 46798157 a multiple of 26?
False
Does 7 divide 11743343?
False
Does 23 divide 238035395?
True
Does 1041 divide 138850501?
False
Is 5058 a factor of 1835775810?
True
Is 80 a factor of 938831?
False
Is 10 a factor of 3938194?
False
Does 1014 divide 1680989733?
False
Does 999 divide 32752215?
True
Is 12989938 a multiple of 221?
True
Is 312012024 a multiple of 1559?
True
Is 10 a factor of 274450150?
True
Is 32 a factor of 80427968?
True
Is 1846930590 a multiple of 249?
False
Does 93 divide 52502656?
False
Does 1375 divide 2006996750?
True
Does 5619 divide 1401822501?
True
Is 52 a factor of 1874642439?
False
Does 856 divide 611362904?
True
Is 245386891 a multiple of 353?
True
Is 39557733 a multiple of 83?
False
Does 2255 divide 26756266?
False
Is 36104558 a multiple of 938?
True
Does 807 divide 87546588?
True
Is 43 a factor of 28769594?
False
Is 295396095 a multiple of 797?
True
Is 426842349 a multiple of 123?
True
Is 2931994 a multiple of 26?
True
Is 4842 a factor of 683671032?
True
Is 343 a factor of 45594647?
True
Does 5 divide 22772393?
False
Is 52535426 a multiple of 93?
False
Does 12 divide 6594971?
False
Is 20803350 a multiple of 50?
True
Is 14 a factor of 2778419504?
True
Does 1775 divide 208502150?
True
Does 6 divide 296956486?
False
Does 60 divide 20572988?
False
Does 4610 divide 249088861?
False
Is 23460059 a multiple of 7?
True
Does 7 divide 127685502?
True
Is 515 a factor of 4714087520?
True
Is 189074241 a multiple of 86?
False
Does 766 divide 777359780?
True
Does 6 divide 110758188?
True
Is 172052520 a multiple of 3?
True
Is 6 a factor of 1780826815?
False
Is 5 a factor of 16988991?
False
Is 86369011 a multiple of 89?
False
Does 166 divide 65161115?
False
Is 366830645 a multiple of 2626?
False
Is 111666411 a multiple of 447?
True
Is 16738568 a multiple of 539?
False
Is 246989436 a multiple of 57?
True
Is 1036017729 a multiple of 1917?
True
Does 22 divide 6128518?
True
Is 22311012 a multiple of 687?
True
Is 786988792 a multiple of 7593?
False
Is 1360680120 a multiple of 54?
True
Is 297837914 a multiple of 134?
True
Is 58873975 a multiple of 17?
True
Is 1530466793 a multiple of 43?
True
Does 356 divide 21453864?
False
Is 297822954 a multiple of 78?
True
Is 34005302 a multiple of 326?
False
Is 56 a factor of 38072611?
False
Does 26 divide 876365542?
True
Is 10 a factor of 8641610?
True
Is 78927154 a multiple of 58?
True
Does 2297 divide 3465602151?
False
Does 4548 divide 2130937151?
False
Is 2479037070 a multiple of 5703?
True
Is 198 a factor of 1140525936?
True
Is 124 a factor of 3370244980?
True
Is 192497270 a multiple of 1090?
True
Is 73 a factor of 71252318?
False
Does 34 divide 2465129812?
True
Does 37 divide 10055231?
True
Is 31 a factor of 68388263?
True
Is 226936398 a multiple of 43?
False
Is 3206024588 a multiple of 62?
True
Is 143 a factor of 5711996?
False
Is 1292598910 a multiple of 173?
True
Is 974 a factor of 189141559?
False
Is 434 a factor of 864140438?
True
Is 6927844 a multiple of 271?
True
Is 2239356 a multiple of 86?
False
Does 1035 divide 146905342?
False
Is 54102364 a multiple of 34?
True
Does 137 divide 229299908?
False
Does 27 divide 704333581?
False
Is 101 a factor of 783727861?
False
Does 122 divide 147220206?
True
Is 2911817 a multiple of 79?
False
Is 836 a factor of 18002012?
False
Is 51986877 a multiple of 73?
True
Is 56124861 a multiple of 543?
False
Does 4497 divide 212033550?
True
Does 98 divide 17019562?
True
Is 176632825 a multiple of 116?
False
Is 480 a factor of 533143968?
False
Is 647623416 a multiple of 122?
False
Is 677 a factor of 27396159?
True
Does 4643 divide 478236319?
False
Does 1098 divide 1209625974?
True
Is 114497737 even?
False
Is 125 a factor of 99898458?
False
Does 133 divide 57294727?
False
Does 90 divide 905564970?
True
Does 191 divide 152733914?
True
Is 1477982610 a multiple of 26?
True
Does 3 divide 498892305?
True
Does 46 divide 424484995?
False
Is 16 a factor of 6985683?
False
Does 945 divide 23197860?
True
Is 145488387 a multiple of 489?
False
Does 13 divide 7558405621?
True
Is 2010334634 a multiple of 243?
False
Is 1179702156 a multiple of 39?
False
Does 302 divide 138217816?
False
Does 123 divide 12164208?
True
Is 26375894 a multiple of 23?
True
Is 13827 a factor of 538829879?
False
Is 301301152 a multiple of 62?
True
Is 33 a factor of 13484856?
True
Does 17 divide 94867106?
True
Does 27 divide 6972993?
True
Is 15 a factor of 298891052?
False
Does 120 divide 11189520?
True
Does 38 divide 195542110?
True
Does 13 divide 5625754?
False
Does 6 divide 4642920?
True
Is 5476123 a multiple of 19?
True
Is 61910848 a multiple of 57?
False
Is 9 a factor of 9537948?
True
Does 2105 divide 272008100?
True
Is 12360341 a multiple of 33?
False
Is 107245171 a multiple of 226?
False
Does 10 divide 39602959?
False
Is 4 a factor of 48728954?
False
Does 531 divide 10586264?
False
Does 11 divide 83864?
True
Is 230748019 a multiple of 458?
False
Is 2350548548 a multiple of 2093?
False
Does 2769 divide 1897318800?
True
Is 268 a factor of 4518480?
True
Is 42 a factor of 45742410?
True
Is 21 a factor of 2627096?
False
Is 124 a factor of 2453350292?
True
Is 241750914 a multiple of 123?
False
Is 74897252 a multiple of 8?
False
Is 13668578 a multiple of 454?
True
Is 32 a factor of 4615751?
False
Is 25 a factor of 20291090?
False
Is 514 a factor of 182874004?
True
Is 17311380 a multiple of 1635?
True
Is 13990860 a multiple of 540?
True
Is 46779012 a multiple of 86?
True
Is 11 a factor of 137150083?
False
Is 31 a factor of 357320539?
True
Does 9 divide 467368083?
True
Is 36597818 a multiple of 3214?
True
Does 208 divide 80587728?
True
Is 35 a factor of 43039605?
True
Is 37 a factor of 48915184?
True
Does 20 divide 9884520?
True
Is 7 a factor of 18316078?
False
Does 59 divide 13000060?
True
Is 110 a factor of 9613450?
True
Is 1804829367 a multiple of 115?
False
Does 18 divide 11452099?
False
Is 1019528421 a multiple of 46?
False
Is 13 a factor of 3705351?
True
Is 168 a factor of 47670449?
False
Is 490626426 a multiple of 51?
True
Is 92186988 a multiple of 36?
False
Is 315274554 a multiple of 1429?
True
Is 68 a factor of 43309608?
True
Is 2644540 even?
True
Is 4 a factor of 8787125?
False
Is 86440310 a multiple of 59?
True
Is 50914975 a multiple of 213?
False
Does 34 divide 27395159?
False
Is 55285746 a multiple of 18?
False
Is 3760740 a multiple of 7374?
True
Is 2055848346 a multiple of 2564?
False
Is 1185515993 a multiple of 391?
False
Is 24215681 a multiple of 217?
True
Is 117317886 a multiple of 762?
False
Is 143267344 a multiple of 193?
False
Is 21 a factor of 245913146?
False
Does 13 divide 1510176260?
False
Does 121 divide 418847908?
False
Is 125724547 a multiple of 131?
False
Does 7 divide 187390829?
False
Does 1209 divide 34635917?
False
Is 1169 a factor of 423976427?
True
Does 46 divide 21153100?
True
Is 4 a factor of 284696?
True
Does 149 divide 89008685?
False
Does 76 divide 1035206032?
True
Does 119 divide 1500155095?
False
Does 245 divide 1235772793?
False
Is 50 a factor of 35897836?
False
Is 77 a factor of 62614167?
True
Is 989896092 a multiple of 15486?
True
Does 55 divide 142035469?
False
Does 588 divide 42249813?
False
Is 46 a factor of 1012072?
False
Does 227 divide 21772932?
True
Does 20 divide 58273680?
True
Is 41934060 a multiple of 575?
False
Does 130 divide 11082370?
True
Is 638189821 a multiple of 204?
False
Does 59 divide 87443660?
False
Does 92 divide 68340176?
True
Does 4 divide 413082196?
True
Is 5146519066 a multiple 